{"id":866,"date":"2025-08-01T08:19:20","date_gmt":"2025-08-01T08:19:20","guid":{"rendered":"https:\/\/staging.detsocialfagligehus.dk\/?page_id=866"},"modified":"2025-09-04T07:46:30","modified_gmt":"2025-09-04T07:46:30","slug":"forebyggende-indsats","status":"publish","type":"page","link":"https:\/\/detsocialfagligehus.dk\/index.php\/forebyggende-indsats\/","title":{"rendered":"Forebyggende indsats"},"content":{"rendered":"<p>[et_pb_section fb_built=&#8221;1&#8243; custom_padding_last_edited=&#8221;on|desktop&#8221; _builder_version=&#8221;4.27.4&#8243; _module_preset=&#8221;e80ba203-e833-41fc-adc4-046817703163&#8243; custom_margin=&#8221;50px||||false|false&#8221; custom_margin_tablet=&#8221;50px||||false|false&#8221; custom_margin_phone=&#8221;0px||||false|false&#8221; custom_margin_last_edited=&#8221;on|desktop&#8221; custom_padding=&#8221;|60px|3px|60px|false|true&#8221; custom_padding_tablet=&#8221;|20px||20px|false|true&#8221; custom_padding_phone=&#8221;100px|20px||20px|false|true&#8221; global_colors_info=&#8221;{}&#8221;][et_pb_row column_structure=&#8221;2_5,3_5&#8243; use_custom_gutter=&#8221;on&#8221; gutter_width=&#8221;1&#8243; _builder_version=&#8221;4.27.4&#8243; _module_preset=&#8221;e298ab9e-4957-424d-a7b3-e9b9451e540f&#8221; custom_padding=&#8221;0px|0px|112px|0px|false|true&#8221; custom_padding_tablet=&#8221;0px|0px|100px|0px|false|true&#8221; custom_padding_phone=&#8221;0px|0px|100px|0px|false|true&#8221; custom_css_free_form=&#8221;.selector {||  display: flex;||  flex-direction: row;||}||||@media (max-width: 980px) {||  .selector {||    flex-direction: column-reverse;||  }||}&#8221; global_colors_info=&#8221;{}&#8221;][et_pb_column type=&#8221;2_5&#8243; _builder_version=&#8221;4.27.4&#8243; _module_preset=&#8221;91fe1942-185b-48bc-8d8d-17813bb673e1&#8243; background_color=&#8221;#FFFDF7&#8243; custom_padding=&#8221;0px|60px|0px|60px|true|true&#8221; global_colors_info=&#8221;{}&#8221;][et_pb_image src=&#8221;https:\/\/detsocialfagligehus.dk\/wp-content\/uploads\/2025\/08\/Forebyggende-indsats.webp&#8221; alt=&#8221;Forebyggende indsats&#8221; title_text=&#8221;Forebyggende indsats&#8221; _builder_version=&#8221;4.27.4&#8243; _module_preset=&#8221;default&#8221; border_radii=&#8221;on|20px|20px|20px|20px&#8221; global_colors_info=&#8221;{}&#8221;][\/et_pb_image][\/et_pb_column][et_pb_column type=&#8221;3_5&#8243; _builder_version=&#8221;4.27.4&#8243; _module_preset=&#8221;91fe1942-185b-48bc-8d8d-17813bb673e1&#8243; background_color=&#8221;#FFFDF7&#8243; custom_padding=&#8221;0px|0px|0px|60px|true|false&#8221; custom_padding_tablet=&#8221;0px|60px|0px|60px|false|true&#8221; custom_padding_phone=&#8221;0px|20px|0px|20px|false|true&#8221; custom_padding_last_edited=&#8221;on|phone&#8221; global_colors_info=&#8221;{}&#8221;][et_pb_heading title=&#8221;Forebyggende indsats&#8221; _builder_version=&#8221;4.27.4&#8243; _module_preset=&#8221;4c024a62-4970-4cf1-b558-2bedb12c127c&#8221; title_level=&#8221;h1&#8243; title_font=&#8221;&#8211;et_global_heading_font|600|||||||&#8221; title_text_align=&#8221;left&#8221; title_font_size=&#8221;50px&#8221; custom_margin=&#8221;0px||0px||false|false&#8221; custom_margin_tablet=&#8221;||20px||false|false&#8221; custom_margin_phone=&#8221;50px||-20px||false|false&#8221; custom_margin_last_edited=&#8221;on|tablet&#8221; title_font_size_tablet=&#8221;48px&#8221; title_font_size_phone=&#8221;40px&#8221; title_font_size_last_edited=&#8221;on|phone&#8221; global_colors_info=&#8221;{}&#8221;][\/et_pb_heading][et_pb_heading title=&#8221;Forebyggende indsats jf. BL \u00a730&#8243; _builder_version=&#8221;4.27.4&#8243; _module_preset=&#8221;4c024a62-4970-4cf1-b558-2bedb12c127c&#8221; title_font=&#8221;&#8211;et_global_heading_font|600|||||||&#8221; title_text_align=&#8221;left&#8221; title_font_size=&#8221;30px&#8221; custom_margin=&#8221;9px||-3px||false|false&#8221; custom_margin_tablet=&#8221;||||false|false&#8221; custom_margin_phone=&#8221;50px||||false|false&#8221; custom_margin_last_edited=&#8221;on|desktop&#8221; custom_padding=&#8221;||7px|||&#8221; hover_enabled=&#8221;0&#8243; title_font_size_tablet=&#8221;&#8221; title_font_size_phone=&#8221;23px&#8221; title_font_size_last_edited=&#8221;on|phone&#8221; global_colors_info=&#8221;{}&#8221; sticky_enabled=&#8221;0&#8243;][\/et_pb_heading][et_pb_text _builder_version=&#8221;4.27.4&#8243; _module_preset=&#8221;ea7ecf51-ce04-4c3e-8a71-5eb1757f5fee&#8221; custom_margin=&#8221;3px|||||&#8221; custom_padding=&#8221;0px||4px|||&#8221; global_colors_info=&#8221;{}&#8221;]<\/p>\n<p>Hylleholt Familiefokus\u00b4 besidder en medarbejdergruppe med en bred faglig kompetence og tilbyder deraf kommuner korterevarende indsatser i familien med b\u00f8rn i alle aldre, n\u00e5r der er tale om et mindre og mere afgr\u00e6nset st\u00f8ttebehov. I samarbejde med kommunen vil det blive vurderet, hvilken type konsulent, der bedst varetager opgaven. Konsulenten vil arbejde ud fra en narrativ tilgang. Det kan v\u00e6re samtaler udelukkende til for\u00e6ldre, barnet\/den unge eller en blanding. Indsatsen kan varetages i hjemmet eller lokaler ved Hylleholt Familiefokus.<\/p>\n<p>Hylleholt Familiefokus vil ved indsatsens oph\u00f8r udarbejde en skrivelse om forl\u00f8bet, der fremsendes til kommunen.<\/p>\n<div class=\"et_pb_text_inner\">\n<div data-shortcode-id=\"2.1.1.0-1752412270845\" data-quickaccess-editable=\"yes\" class=\"et-fb-popover-tinymce\">\n<div class=\"mce-content-body\" contenteditable=\"true\" style=\"position: relative;\"><\/div>\n<\/div>\n<\/div>\n<p>[\/et_pb_text][et_pb_button button_url=&#8221;https:\/\/detsocialfagligehus.dk\/index.php\/119-2\/&#8221; button_text=&#8221;Kontakt os&#8221; button_alignment=&#8221;left&#8221; _builder_version=&#8221;4.27.4&#8243; _module_preset=&#8221;e4009e33-7b40-4b2f-868b-db15559de6ad&#8221; custom_margin_tablet=&#8221;||50px||false|false&#8221; custom_margin_phone=&#8221;||50px||false|false&#8221; custom_margin_last_edited=&#8221;on|tablet&#8221; global_colors_info=&#8221;{}&#8221;][\/et_pb_button][\/et_pb_column][\/et_pb_row][\/et_pb_section]<\/p>\n","protected":false},"excerpt":{"rendered":"<p>Hylleholt Familiefokus\u00b4 besidder en medarbejdergruppe med en bred faglig kompetence og tilbyder deraf kommuner korterevarende indsatser i familien med b\u00f8rn i alle aldre, n\u00e5r der er tale om et mindre og mere afgr\u00e6nset st\u00f8ttebehov. I samarbejde med kommunen vil det blive vurderet, hvilken type konsulent, der bedst varetager opgaven. Konsulenten vil arbejde ud fra en [&hellip;]<\/p>\n","protected":false},"author":1,"featured_media":0,"parent":0,"menu_order":0,"comment_status":"closed","ping_status":"closed","template":"","meta":{"_et_pb_use_builder":"on","_et_pb_old_content":"","_et_gb_content_width":"","footnotes":""},"class_list":["post-866","page","type-page","status-publish","hentry"],"yoast_head":"<!-- This site is optimized with the Yoast SEO plugin v25.5 - https:\/\/yoast.com\/wordpress\/plugins\/seo\/ -->\n<title>Forebyggende indsats - Hylleholt Familiefokus<\/title>\n<meta name=\"robots\" content=\"index, follow, max-snippet:-1, max-image-preview:large, max-video-preview:-1\" \/>\n<link rel=\"canonical\" href=\"https:\/\/detsocialfagligehus.dk\/index.php\/forebyggende-indsats\/\" \/>\n<meta property=\"og:locale\" content=\"en_US\" \/>\n<meta property=\"og:type\" content=\"article\" \/>\n<meta property=\"og:title\" content=\"Forebyggende indsats - Hylleholt Familiefokus\" \/>\n<meta property=\"og:description\" content=\"Hylleholt Familiefokus\u00b4 besidder en medarbejdergruppe med en bred faglig kompetence og tilbyder deraf kommuner korterevarende indsatser i familien med b\u00f8rn i alle aldre, n\u00e5r der er tale om et mindre og mere afgr\u00e6nset st\u00f8ttebehov. I samarbejde med kommunen vil det blive vurderet, hvilken type konsulent, der bedst varetager opgaven. Konsulenten vil arbejde ud fra en [&hellip;]\" \/>\n<meta property=\"og:url\" content=\"https:\/\/detsocialfagligehus.dk\/index.php\/forebyggende-indsats\/\" \/>\n<meta property=\"og:site_name\" content=\"Hylleholt Familiefokus\" \/>\n<meta property=\"article:modified_time\" content=\"2025-09-04T07:46:30+00:00\" \/>\n<meta name=\"twitter:card\" content=\"summary_large_image\" \/>\n<meta name=\"twitter:label1\" content=\"Est. reading time\" \/>\n\t<meta name=\"twitter:data1\" content=\"3 minutes\" \/>\n<script type=\"application\/ld+json\" class=\"yoast-schema-graph\">{\"@context\":\"https:\/\/schema.org\",\"@graph\":[{\"@type\":\"WebPage\",\"@id\":\"https:\/\/detsocialfagligehus.dk\/index.php\/forebyggende-indsats\/\",\"url\":\"https:\/\/detsocialfagligehus.dk\/index.php\/forebyggende-indsats\/\",\"name\":\"Forebyggende indsats - Hylleholt Familiefokus\",\"isPartOf\":{\"@id\":\"https:\/\/detsocialfagligehus.dk\/#website\"},\"datePublished\":\"2025-08-01T08:19:20+00:00\",\"dateModified\":\"2025-09-04T07:46:30+00:00\",\"breadcrumb\":{\"@id\":\"https:\/\/detsocialfagligehus.dk\/index.php\/forebyggende-indsats\/#breadcrumb\"},\"inLanguage\":\"en-US\",\"potentialAction\":[{\"@type\":\"ReadAction\",\"target\":[\"https:\/\/detsocialfagligehus.dk\/index.php\/forebyggende-indsats\/\"]}]},{\"@type\":\"BreadcrumbList\",\"@id\":\"https:\/\/detsocialfagligehus.dk\/index.php\/forebyggende-indsats\/#breadcrumb\",\"itemListElement\":[{\"@type\":\"ListItem\",\"position\":1,\"name\":\"Home\",\"item\":\"https:\/\/detsocialfagligehus.dk\/\"},{\"@type\":\"ListItem\",\"position\":2,\"name\":\"Forebyggende indsats\"}]},{\"@type\":\"WebSite\",\"@id\":\"https:\/\/detsocialfagligehus.dk\/#website\",\"url\":\"https:\/\/detsocialfagligehus.dk\/\",\"name\":\"Hylleholt Familiefokus\",\"description\":\"\",\"potentialAction\":[{\"@type\":\"SearchAction\",\"target\":{\"@type\":\"EntryPoint\",\"urlTemplate\":\"https:\/\/detsocialfagligehus.dk\/?s={search_term_string}\"},\"query-input\":{\"@type\":\"PropertyValueSpecification\",\"valueRequired\":true,\"valueName\":\"search_term_string\"}}],\"inLanguage\":\"en-US\"}]}<\/script>\n<!-- \/ Yoast SEO plugin. -->","yoast_head_json":{"title":"Forebyggende indsats - Hylleholt Familiefokus","robots":{"index":"index","follow":"follow","max-snippet":"max-snippet:-1","max-image-preview":"max-image-preview:large","max-video-preview":"max-video-preview:-1"},"canonical":"https:\/\/detsocialfagligehus.dk\/index.php\/forebyggende-indsats\/","og_locale":"en_US","og_type":"article","og_title":"Forebyggende indsats - Hylleholt Familiefokus","og_description":"Hylleholt Familiefokus\u00b4 besidder en medarbejdergruppe med en bred faglig kompetence og tilbyder deraf kommuner korterevarende indsatser i familien med b\u00f8rn i alle aldre, n\u00e5r der er tale om et mindre og mere afgr\u00e6nset st\u00f8ttebehov. I samarbejde med kommunen vil det blive vurderet, hvilken type konsulent, der bedst varetager opgaven. Konsulenten vil arbejde ud fra en [&hellip;]","og_url":"https:\/\/detsocialfagligehus.dk\/index.php\/forebyggende-indsats\/","og_site_name":"Hylleholt Familiefokus","article_modified_time":"2025-09-04T07:46:30+00:00","twitter_card":"summary_large_image","twitter_misc":{"Est. reading time":"3 minutes"},"schema":{"@context":"https:\/\/schema.org","@graph":[{"@type":"WebPage","@id":"https:\/\/detsocialfagligehus.dk\/index.php\/forebyggende-indsats\/","url":"https:\/\/detsocialfagligehus.dk\/index.php\/forebyggende-indsats\/","name":"Forebyggende indsats - Hylleholt Familiefokus","isPartOf":{"@id":"https:\/\/detsocialfagligehus.dk\/#website"},"datePublished":"2025-08-01T08:19:20+00:00","dateModified":"2025-09-04T07:46:30+00:00","breadcrumb":{"@id":"https:\/\/detsocialfagligehus.dk\/index.php\/forebyggende-indsats\/#breadcrumb"},"inLanguage":"en-US","potentialAction":[{"@type":"ReadAction","target":["https:\/\/detsocialfagligehus.dk\/index.php\/forebyggende-indsats\/"]}]},{"@type":"BreadcrumbList","@id":"https:\/\/detsocialfagligehus.dk\/index.php\/forebyggende-indsats\/#breadcrumb","itemListElement":[{"@type":"ListItem","position":1,"name":"Home","item":"https:\/\/detsocialfagligehus.dk\/"},{"@type":"ListItem","position":2,"name":"Forebyggende indsats"}]},{"@type":"WebSite","@id":"https:\/\/detsocialfagligehus.dk\/#website","url":"https:\/\/detsocialfagligehus.dk\/","name":"Hylleholt Familiefokus","description":"","potentialAction":[{"@type":"SearchAction","target":{"@type":"EntryPoint","urlTemplate":"https:\/\/detsocialfagligehus.dk\/?s={search_term_string}"},"query-input":{"@type":"PropertyValueSpecification","valueRequired":true,"valueName":"search_term_string"}}],"inLanguage":"en-US"}]}},"_links":{"self":[{"href":"https:\/\/detsocialfagligehus.dk\/index.php\/wp-json\/wp\/v2\/pages\/866","targetHints":{"allow":["GET"]}}],"collection":[{"href":"https:\/\/detsocialfagligehus.dk\/index.php\/wp-json\/wp\/v2\/pages"}],"about":[{"href":"https:\/\/detsocialfagligehus.dk\/index.php\/wp-json\/wp\/v2\/types\/page"}],"author":[{"embeddable":true,"href":"https:\/\/detsocialfagligehus.dk\/index.php\/wp-json\/wp\/v2\/users\/1"}],"replies":[{"embeddable":true,"href":"https:\/\/detsocialfagligehus.dk\/index.php\/wp-json\/wp\/v2\/comments?post=866"}],"version-history":[{"count":9,"href":"https:\/\/detsocialfagligehus.dk\/index.php\/wp-json\/wp\/v2\/pages\/866\/revisions"}],"predecessor-version":[{"id":1262,"href":"https:\/\/detsocialfagligehus.dk\/index.php\/wp-json\/wp\/v2\/pages\/866\/revisions\/1262"}],"wp:attachment":[{"href":"https:\/\/detsocialfagligehus.dk\/index.php\/wp-json\/wp\/v2\/media?parent=866"}],"curies":[{"name":"wp","href":"https:\/\/api.w.org\/{rel}","templated":true}]}}